 39 = 0. What is the greatest common factor of w and 39?
13
Let a(v) = -v**3 + 8*v**2 - 4*v - 1. Let r be a(7). Let s be (-4)/(-10) + 796/10. What is the greatest common divisor of r and s?
20
Let j(r) = 2*r**2 + 9*r - 19. Let p be j(11). Calculate the highest common divisor of 46 and p.
46
Let u(i) = i**3 - 2. Let w be u(2). What is the greatest common divisor of 12 and w?
6
Let o be (-1764)/(-16) + (-1)/4. Suppose b + o = -b. Let q = -33 - b. Calculate the greatest common divisor of q and 55.
11
Let n = -1 + 4. Let c(g) = g**2 + g**2 - g**n + 7*g**2 + 9 - 8*g. Let r be c(8). What is the highest common divisor of 9 and r?
9
Suppose -2*j + 6 = -0*j. Let v = -3 + 6. What is the greatest common divisor of v and j?
3
Suppose 15 = 3*k - 9. Suppose -3*a + 180 = -2*a. Suppose -5*v = -n - 444, 0 = -2*v + 2*n - n + a. Calculate the greatest common divisor of k and v.
8
Suppose -2*v = 0, -l - 5*v = -0*v + 10. Let g = 0 - l. What is the highest common divisor of 90 and g?
10
Let j(d) = -d - 2. Let r be j(-9). Calculate the greatest common factor of r and 1.
1
Let j = -6 + 54. What is the greatest common divisor of j and 64?
16
Let r = 1 - 2. Let h be 3 + (1 - -1) + r. Suppose 0*c + 12 = 3*c. Calculate the greatest common factor of c and h.
4
Suppose -5*u + 4 = -3*u. Suppose 0 + 18 = u*w - 2*j, 2*j = w - 9. Let v be 3/(w/132*2). What is the highest common factor of v and 2?
2
Suppose 0 = -4*a - 5*f + 65, 6*a = 4*a - 3*f + 33. Calculate the greatest common factor of 10 and a.
5
Let n be (-52)/(-6) + 6/(-9). Let x(o) = o**3 - 7*o**2 - 7*o - 5. Let p be x(n). Suppose -p = -3*g + 9. What is the greatest common factor of g and 28?
4
Let i(v) = 10*v**2 - 1 - 4*v + 5*v + 0. Suppose -3*o + 4 = o. Let b be i(o). What is the greatest common divisor of b and 2?
2
Let w = 23 + -13. Let g be ((-13)/(-5) - -3) + (-6)/10. Calculate the greatest common divisor of g and w.
5
Suppose 0 = -0*l - l + 4. Let j = 24 - l. What is the greatest common factor of 60 and j?
20
Let x = 47 - -19. Suppose -a - 3 + 6 = -3*s, -a + 3 = -4*s. Suppose -n = -s*n - 6. What is the highest common divisor of x and n?
6
Suppose r + 2 = 4. Let q be (2/r)/(5/75). Calculate the greatest common divisor of q and 30.
15
Let n be -3 + 52 - (-1 - 0). What is the highest common divisor of n and 20?
10
Let m(a) = -33*a. Let r be m(-1). Calculate the greatest common divisor of r and 3.
3
Let r(o) = -o - 7. Let p be r(-16). What is the highest common factor of 1 and p?
1
Suppose 10*t - 6*t - 144 = 0. Calculate the highest common factor of t and 9.
9
Suppose x - 3*v = 31, 0*x + 5*x - v - 85 = 0. Let u be -64*(-1 + 1/2). What is the highest common divisor of u and x?
16
Let l(k) be the first derivative of 2 - 5/2*k**2 - 4*k + 1/4*k**4 + k**3. Let h be l(4). Calculate the greatest common factor of 11 and h.
11
Let p(d) = -4*d + 1. Let x be p(-2). Let u be 30/(-2) - -1*1. Let f = 23 + u. What is the greatest common factor of x and f?
9
Suppose -458 - 312 = -11*q. Suppose l - 6*g = -g + 34, 4*g = -16. Calculate the highest common divisor of l and q.
14
Suppose 84 = 5*v - 141. What is the highest common divisor of 5 and v?
5
Let f(q) = q**3 - 3*q**2 - q - 5. Let i be f(4). What is the highest common divisor of 1 and i?
1
Let y be 2 - (-2)/(4/34). Let l be 2 - (-2 - -1)*y. Let m = l + -10. Calculate the highest common factor of 77 and m.
11
Suppose 0*j = -2*j. Suppose -4*h - 4*m = -8, j*m - 2 = m. Calculate the greatest common divisor of h and 36.
4
Suppose 17 = 2*b - 17. Let x be (-5005)/(-42) - (-2)/(-12). Calculate the greatest common divisor of b and x.
17
Suppose -4*r + 33 = -11. Let c = -52 + 111. Let p = 147 - c. Calculate the highest common factor of p and r.
11
Suppose -5*s = -4*r - 16, 3*r = 3*s - s - 12. Let j(u) = u**3 + 5*u**2 + 4*u + 7. Let g be j(r). Calculate the greatest common factor of g and 7.
7
Suppose 3*w - 6*w - 217 = -5*v, 0 = -3*v + w + 131. Calculate the highest common divisor of 11 and v.
11
Suppose 0*h - 6*h + 792 = 0. What is the highest common factor of 12 and h?
12
Suppose -358 = 2*b - 6*b + 3*i, -5*b + 2*i + 451 = 0. Calculate the highest common factor of 13 and b.
13
Let c be (-28)/(-10)*(-10)/(-4). Let v = 6 + -4. Suppose -3*m = -4*z - 276, 0 = -v*m + c*m - 4*z - 452. What is the highest common divisor of m and 11?
11
Let q = -9 - -17. What is the greatest common divisor of 32 and q?
8
Let x(b) = -b**3 + 6*b**2 + 10*b - 36. Let l be x(6). Calculate the greatest common factor of 216 and l.
24
Let i = 636 + -621. Suppose 0 = 5*c - 5*p - 55, p + 4 = -4*c + 68. What is the greatest common divisor of c and i?
15
Let l = 20 + -14. Let s = 160 + -142. Calculate the highest common divisor of s and l.
6
Suppose 0 = 5*w + 4*p - 47, -2*p - 17 = -2*w - 3*p. Let v = 26 - 16. Let k = 11 + v. Calculate the greatest common factor of w and k.
7
Let j = 23 - 21. Let p be 10/10*20/j. What is the greatest common factor of p and 30?
10
Let a be ((-1)/(-2))/(2/32). Let o = -40 + 96. Calculate the greatest common divisor of o and a.
8
Let z be (2 + 3/(-6))*2. Let t be (-1)/(3/(9/(-3))). Let l be t/(0 + 1/2). What is the highest common factor of l and z?
1
Let s = -62 - -70. What is the greatest common divisor of 8 and s?
8
Suppose 5*x + 1 = 16. Let s be (x - 3)/(3/(-1)). Let n be (-2 + s)*7/(-2). Calculate the greatest common divisor of 28 and n.
7
Let a(j) = -11 + 7*j**2 - 51*j**3 + 11*j + 50*j**3 + j**2. Let w be a(8). What is the greatest common divisor of w and 7?
7
Suppose 152 = 2*o - 6*o. Let s be (-1)/(o/(-20) + -2). Let f be (-50)/2*(-12)/10. Calculate the highest common divisor of f and s.
10
Let f(h) = 2*h**2 - 23*h + 47. Let i be f(11). Calculate the greatest common divisor of 54 and i.
18
Let g be ((-108)/20 - -5)*-85. Calculate the greatest common factor of g and 2.
2
Suppose 119*z - 123*z = -208. What is the highest common divisor of 78 and z?
26
Suppose -2*b + 5*y - 18 = 0, 0 = b + 2*y - 0*y - 9. What is the highest common factor of 9 and b?
1
Let p be -5 + 4 + 4 - -141. What is the highest common divisor of 16 and p?
16
Suppose 5*w = 3*l - 787, 5*l + w - 1324 = -3*w. Let s(k) = 3*k**2 - 7*k + 4. Let q be s(4). What is the greatest common factor of q and l?
24
Let n be 20*(-2)/(-4) + 2. Let u be 2/(-7) - 172/(-14). Calculate the greatest common factor of n and u.
12
Suppose 8 = -0*h + 2*h. Suppose -5*y + 41 + h = 0. Calculate the greatest common factor of y and 3.
3
Suppose 26*w + 78 = 32*w. Calculate the greatest common divisor of 65 and w.
13
Let u be (18/(-12))/(6/(-16)). Suppose -5*m + 37 = -u*p, p = 2*m + 3*p - 4. Calculate the highest common divisor of m and 25.
5
Suppose -2 = -3*o + 2*w, 2*o - 3*w + 1 = -1. What is the highest common divisor of o and 1?
1
Let u be (-4 - -1)/(-3) - -44. Calculate the highest common factor of u and 30.
15
Let s(u) = 10*u + 3. Let l be s(3). Suppose 3*t = v + 33, 3*v = -4*t + 6*v + 44. Calculate the highest common divisor of l and t.
11
Suppose -3*u = 2*g - 54, 4*g = 5*u - 2*u - 54. Suppose 2*v = 2*d + 256, 280 = 4*v - d - 226. What is the highest common factor of v and u?
18
Let w be 2/2 + -3 + 7. Suppose 5*s - 20 = g, w*g - 4*g - s = 0. Suppose -7 = -4*n + 3*c + 109, g*c = 20. What is the highest common divisor of n and 48?
16
Let m be (1 + 0)/((-4)/(-108)). Suppose 13 = 3*j + 4. Calculate the highest common divisor of j and m.
3
Let k = -82 - -207. What is the highest common factor of k and 50?
25
Let u = 13 + 14. Suppose 3 - 24 = -3*r. Suppose -4*l - 27 = -r*l. Calculate the greatest common divisor of u and l.
9
Suppose 0 = -2*k + 5*k + 5*s - 33, k + s - 9 = 0. Let l = -4 - -34. Calculate the greatest common factor of k and l.
6
Let z be (66/18 - 0)*6. Suppose -3*r + 2*r = -2. What is the greatest common divisor of z and r?
2
Let d = -10 - -16. Suppose -2*a = -0*f + f + 6, -f = -2*a + d. Let x = f - -13. What is the highest common divisor of x and 1?
1
Let i be 67/7 + 18/42. Calculate the highest common divisor of i and 40.
10
Let f(j) = -j**3 - 3*j**2 - j + 2. Let t be f(-2). Let d = 24 + t. Calculate the highest common divisor of 8 and d.
8
Suppose 4*d - 4 = 4. Suppose -1 = -2*i + 1. Let k = i - -9. Calculate the highest common divisor of d and k.
2
Suppose x + 4 = 22. What is the highest common divisor of x and 6?
6
Let r = -3 + 7. Suppose